 of t?
6
Suppose -380 = -5*w - 135. Let l = w - 17. What is the units digit of l?
2
Let s(f) = 5*f - 2. Suppose x + 2 = 2*d, 0 = x - 0*x - 2. Let m be s(d). Let v = m - 0. What is the units digit of v?
8
Let p = 1 - 1. Let r(u) = u**2 + 16. Let i be r(p). Suppose 0 = 4*q + i, 0*q - q = 2*a. What is the units digit of a?
2
Let s = 6 + 1. Let m = s - -4. What is the tens digit of m?
1
Suppose 0 - 8 = -4*v. What is the tens digit of 53/5 + v/5?
1
Let q(u) = -u - u**3 + 66*u**2 - u - 74*u**2. Let l be (-1)/1*1*8. What is the tens digit of q(l)?
1
Let p(v) = v**3 + 3*v**2 - 5*v + 1. Suppose -5*l - 5*c + 9 = 4, -3*l = -5*c + 37. What is the units digit of p(l)?
5
Suppose 0 = 3*q - 4*q. Suppose -4*y + 36 = -q*y. What is the units digit of 0*(-3)/y + 2?
2
Let p be (-8)/2*(-2)/4. Suppose -p*d - 60 = 3*d. What is the units digit of (-1 - 1)/(d/6)?
1
What is the units digit of 7020/75 - (-2)/5?
4
Let a be (-3)/9 + 37/3. Suppose -3*k = -54 - a. What is the tens digit of -1 + k/4*2?
1
Suppose c + 0*c = 0. Let b(a) = -a + 28. What is the units digit of b(c)?
8
Let v = -12 + 7. Let s(m) = -m**2 - 6*m + 4. What is the units digit of s(v)?
9
Let s = 2 - 6. What is the tens digit of (-22)/s*(-4)/(-2)?
1
What is the units digit of (-260)/(-6)*(-180)/(-75)?
4
Let i(g) = -2*g**2 + 4*g + 4. Let m be i(4). Let s be (-17)/(-4) - (-3)/m. Suppose z - 17 = -2*t, -4 = -z + s*t - 11. What is the units digit of z?
9
Let r(q) = 28*q**2 + q - 6. What is the tens digit of r(-3)?
4
Suppose -20*b = -23*b + 309. What is the tens digit of b?
0
Suppose i = -4 + 27. What is the units digit of i?
3
What is the units digit of -16*10/6*(-15)/10?
0
Suppose 5*v = 35 + 25. What is the units digit of v?
2
Suppose -5*y - 5*s = -180, y + 3*s - 5*s - 24 = 0. What is the tens digit of y?
3
Let k = -5 + 6. Let d(u) = u**3 - u**2. Let q be d(k). Let t = q + 3. What is the units digit of t?
3
Let p(r) = -2*r**3 - 4*r**2 + r + 3. Let x(n) = n**2 - 6*n + 5. Let h be x(4). What is the units digit of p(h)?
8
Let b(i) be the third derivative of i**6/120 - i**5/60 + i**4/24 + 11*i**3/6 - 2*i**2. What is the tens digit of b(0)?
1
Let t(f) = -f**3 + 7*f**2 - 7*f + 9. Let x be t(6). Let v = x - 0. What is the units digit of v?
3
Let g(s) = -s**3 + 5*s**2 - 4*s - 7. Let n(y) = 2*y**3 - 5*y**3 - 4 + 3*y + 9*y**2 - 9 - 11*y. Let h(t) = 5*g(t) - 2*n(t). What is the units digit of h(-7)?
9
Suppose 5*m - 9 - 7 = -2*o, 4*m = -5*o + 23. Suppose -2*v - 11 = -o*y, 5 = 3*v - 1. What is the units digit of y?
5
Let c(t) = -2*t - 1 + 4*t**2 + 13*t**2 - 4*t**2. What is the tens digit of c(-1)?
1
Suppose -3*z - z - 2*y = -28, z - y = 1. Suppose -5*a - 107 = -4*i + 21, -z*a - 20 = 0. What is the tens digit of i?
2
Let r(y) = -5 - 1 - 2*y**2 + 5 + 6*y + 3 - y**3. Let g be r(-4). Let t = g + -3. What is the units digit of t?
7
Let s = 3 - 2. Let f be 14 + (6/s)/(-3). Let n(g) = -g**2 + 13*g - 6. What is the units digit of n(f)?
6
Suppose 0 = 5*d - 2*d - 66. Suppose -6 - d = -2*m. What is the units digit of m?
4
Suppose 3*j - 5*k = 160, -2*j = -4*k + 8 - 118. Let a be (6/(-5))/((-3)/j). Let w = -12 + a. What is the units digit of w?
6
Let l(c) = c**3 - 5*c**2 + 3*c + 4. Let i be 0 + (3 - 1) + 1. Let y be l(i). Let a = 15 + y. What is the tens digit of a?
1
Suppose j + 292 = -5*o, 103 = 4*o + 3*j + 341. Let h = -25 - o. What is the units digit of h?
3
Let d be ((-1)/(-3))/(1/(-3)). Let u = d - -3. What is the units digit of u?
2
Let n be 1/(-2 + 2 + 1). Let a be 1 - (n - 3 - 0). Suppose 5*d + 9 = v - a, 18 = 3*v + 3*d. What is the units digit of v?
7
Suppose 0*v + 20 = 4*v. Suppose 0 = -3*j + 6*j - v*n - 20, 0 = 3*j + 4*n - 11. What is the units digit of j?
5
Let a be (14/4)/(2/8). Let d = -7 + a. What is the units digit of d?
7
Let n be (52*2)/(11/(-22)). What is the tens digit of n/(-12) - 8/(-12)?
1
Suppose z = 2*z - 130. Suppose -77 = -2*q + 4*s - 3, 5*q - z = -s. What is the tens digit of q?
2
Let i(n) = n**3 - 5*n**2 + 5*n + 1. Let h be i(4). What is the units digit of 8/(-20) + 7/h?
1
Suppose -r - 2*r = -24. Suppose 0 = 4*z - 4*l + r, 0*z + 4*z = 2*l - 2. Let f = z + 4. What is the units digit of f?
5
What is the units digit of (154/(-35))/(1/(-10))?
4
Let w(h) = 9*h - 3. Let i(u) = -u + 1. Suppose 4*g + 10 + 10 = 0. Let r(q) = g*i(q) - w(q). What is the units digit of r(-2)?
6
Suppose 47 - 477 = -10*o. What is the units digit of o?
3
Suppose 4*v - 2*x - 14 = 0, -3*x + 31 = v + 2*x. Suppose v = 4*j - 6, 2*j = -5*g + 6. Suppose 3*q - 15 = -g*q. What is the units digit of q?
5
Let h be -2 + 1 - (-1 + 3). Let p(c) = c + 7. What is the units digit of p(h)?
4
Let i be 1/((-3)/((-18)/(-2))). Let k = i + 6. What is the units digit of ((-12)/4)/(k/(-2))?
2
Let h be 3 + (-4 - -2) + 3. Suppose 2*x = 16 + h. What is the tens digit of x?
1
Let h(n) = -n**2 - 10*n - 8. Let z = 8 + -17. Let l be h(z). What is the units digit of -1 + l + (-20)/(-4)?
5
Let c be 3/2*16/12. What is the units digit of (1/c)/(4/32)?
4
Suppose 0 = 3*r - 22 - 5. What is the units digit of r?
9
Suppose q + 5 = 2*q, -3*d - 5*q = -85. What is the tens digit of d?
2
Suppose -5*u - 2*h + 40 = 0, 0*u - 2*u + 25 = -h. What is the units digit of u?
0
Let o be 1*(-7 + (1 - 0)). Let w = 2 - o. What is the units digit of w?
8
Let g(u) = u**3 - 7*u**2 - 4*u + 2. Let f be g(6). Let v = f + 82. What is the units digit of v?
4
Let q(g) = -26*g - 2. What is the tens digit of q(-5)?
2
What is the hundreds digit of 4/((-60)/9) - (-5932)/20?
2
Let v be (-40 - -5)*8/(-10). Let m = -20 + v. Let n = 13 - m. What is the units digit of n?
5
Let o be 0 - -1*11 - 0. Suppose -o - 13 = -4*u. What is the units digit of u/21 + (-66)/(-14)?
5
Let q(z) = -z + 6. Let l be q(8). What is the units digit of 1 + (-2)/l*2?
3
What is the units digit of (9/(-1) - 1)/(-1)?
0
Suppose 0 = -5*o - 5*w + 110, w + 0*w = -3*o + 72. What is the tens digit of o?
2
Let y(w) = 3*w**2 + w + 4. Let b be y(4). What is the units digit of 6/(-10) - b/(-10)?
5
Let u = -6 - -10. Suppose -6 = -u*s + s. What is the units digit of (-6 - 1)/(1 - s)?
7
Let g = -11 + 12. What is the units digit of g?
1
Suppose 0 = x - 70 + 15. What is the tens digit of x?
5
Let c(w) = -w**3 + w**2 + w + 2. Let o be c(2). Suppose -4*h + h + 27 = o. What is the units digit of h?
9
Suppose l = -6*s + 3*s + 10, -3*s + 22 = 4*l. Suppose 5*k - s*p - 2*p - 28 = 0, 3*p - 2 = -2*k. Suppose -k*n - 15 = -43. What is the units digit of n?
7
Let j = 42 + -21. What is the units digit of j?
1
Suppose 0 = -k - 4*k + 55. What is the tens digit of k?
1
Let b(r) = -2*r - 3. Let l be b(-5). Let u = l + -3. Let y(v) = -v + 8. What is the units digit of y(u)?
4
Let y(o) = o**3 + 5*o**2 - 4*o + 3. What is the tens digit of y(-5)?
2
Suppose -d - 27 = 5*z, 3*z - 64 = 3*d + z. What is the units digit of (-4)/d + (-218)/(-11)?
0
Let q = -151 - -496. What is the units digit of q?
5
Let r be 8/(-24) - 4/6. Let u be (1 - -13) + (r - 1). Suppose c + 0*c = u. What is the units digit of c?
2
Suppose 2*y + m - 685 = 73, 3*y + 3*m = 1131. What is the units digit of y?
1
Let n = -2 - -5. Let s = n - -2. Let d(j) = j**3 - 6*j**2 + 6*j + 1. What is the units digit of d(s)?
6
Suppose -1 - 11 = -4*c. Suppose 0 = -3*m + c. What is the units digit of m?
1
Suppose 2*l - 2*z = -6, 3*l - l = 5*z - 21. Suppose -4*p + 76 = 2*u - 4*u, l*p - 58 = -4*u. Suppose a = 4*a - p. What is the units digit of a?
7
What is the tens digit of 1/((-172)/(-624) + (-1)/4)?
3
Suppose -4*a = -0*a + 16. Let f be 3 + 2 + a + 2. What is the units digit of (-1 + f/5)*-5?
2
Suppose 2*a + 2 + 4 = 2*n, 0 = -3*n + a + 7. Suppose 5*x = 5*s - 40, -n*s + 3*x + 12 = -s. What is the units digit of s?
6
Suppose -4*w - 19 = -4*x - 7*w, 0 = w + 3. Let v = -1 + x. What is the units digit of v?
6
Let s be (-3 + 0 - -2)*-2. Suppose 2*a + 2 = -s*w, 4*w - 5 = w - a. Suppose o = -2*q + q - 3, -w = 5*o + 2*q. What is the units digit of o?
1
Let y be 0/(3/(-2 - -3)). Suppose -4*s - h = -15, y = -2*s - 2*s - 5*h + 11. What is the units digit of s?
4
Suppose 0 = -3*h - 2*h. Suppose 4*z + 21 - 85 = h. What is the units digit of z?
6
Suppose -2*p = 3*m, p + 4*m - 3 = 2. Let v be (-2)/1 - (-2 + p). Suppose -v*j + 33 = 9. What is the units digit of j?
8
Suppose -2*m - f = -20, -m + 17 = -4*f - 11. What is the tens digit of m?
